 g = d - -4. List the prime factors of g.
5
Let a = 7 - 12. Let s(w) = 2*w**3 + 11*w**2 + 4*w - 1. List the prime factors of s(a).
2
Let u = 10 - 10. Suppose -j + 6 = -5*m - u*m, -3*j - m = -82. Suppose 0 = -4*a + 4*c + 44, 4*a = 3*c + 20 + j. What are the prime factors of a?
13
Let y(b) = -20*b + 1. Suppose -n + 4*d - 6 = 0, -2*n - 5*d + 0*d = -14. Let w be y(n). What are the prime factors of 2/(3/(w/(-2)))?
13
Suppose x = -27 - 6. Let p = -14 - x. What are the prime factors of p?
19
Let c be 1/((-30)/(-9) + -3). Suppose 0 = 5*i + 3*z - 43, 5*z - 29 = -c*i + 4*z. List the prime factors of i.
11
Let f(o) = 4*o**3 - 2*o - 2. Let i(t) = -t**3 + t**2 + t + 1. Let c(w) = -f(w) - 3*i(w). List the prime factors of c(-4).
19
Let i(r) = r**3 - 2*r**2 + 1. Let a be i(3). Suppose -5*d = p - 53, 45 = 4*d + 5*p - a. List the prime factors of d.
2, 5
Let b(l) = 2*l - 7. Let r be b(10). Let z = r - 0. What are the prime factors of z?
13
Suppose 594 = -5*p + 14*p. What are the prime factors of p?
2, 3, 11
Let n(z) = z**2 - 9*z - 13. Let b be n(12). Let f = -9 + b. List the prime factors of f.
2, 7
Suppose 5*l = -l + 300. List the prime factors of l.
2, 5
Suppose -3 = t - 4. Let p = 18 - 9. Suppose 4*z - p = -t. List the prime factors of z.
2
Let n = 14 - 1. List the prime factors of n.
13
Let b(f) = f**2 + 32. Suppose -2*q + 4 = 4*w, -w + 2*q + 6 = 5*q. What are the prime factors of b(w)?
2
List the prime factors of (-87)/(-2) + (-9)/18.
43
Suppose 4*g - 209 = 5*k, 151 = 3*g - 0*k + 2*k. List the prime factors of g.
3, 17
Suppose 0*m - 28 = -4*k - 5*m, 3*m = 12. Suppose 2*b - 9 - 49 = -5*q, 4*b + 4 = k*q. What are the prime factors of q?
2, 5
Suppose -5*i = -2*i + 18. Let r(u) = -4*u**2 + 6*u + 2. Let b be r(5). List the prime factors of (-10)/(-15) + b/i.
2, 3
Let x(c) = c**2 + 7*c + 3. Let m(r) = r**2 + 2*r. Let t be m(-2). Let z(k) = -k**2 - k - 7. Let i be z(t). List the prime factors of x(i).
3
Suppose 140 = 3*y + y. List the prime factors of y.
5, 7
Let m(f) be the first derivative of 3*f + 1/3*f**3 + 2 + 5/2*f**2. List the prime factors of m(-6).
3
Suppose -2*k - 14 = -6. Let z be 13/(-5) - k/(-10). What are the prime factors of 1/(-1)*(-16 + z)?
19
Let f(r) = 96*r + 8. Let l be f(-6). Let t be (-2)/(-7) + l/28. What are the prime factors of (-148)/t + 2/(-5)?
7
Let y(i) = -i**3 + i + 17. List the prime factors of y(0).
17
Suppose -3*z + 246 = -312. What are the prime factors of z?
2, 3, 31
Let h(g) = g**3 - 7*g**2 + 1. Let p be h(7). Let m = p - -2. Suppose -m*r + 0*r = -15. What are the prime factors of r?
5
Let l be 0*(2 - (-10)/(-4)). What are the prime factors of l + -1 + 36 + 2?
37
Let n(x) = 70*x**2 + 1. List the prime factors of n(1).
71
Let m be (-3 - -5)/(2/5). Suppose -48 = -o + 37. Suppose -m*s - 4*h + 85 = 0, 0 = -5*s - 3*h + h + o. What are the prime factors of s?
17
Let n(p) = -11*p**3 - 21*p**2 + 21*p + 18. Let b(z) = 4*z**3 + 7*z**2 - 7*z - 6. Let u(h) = 8*b(h) + 3*n(h). What are the prime factors of u(-8)?
2, 7
Let k be 2/(2/1)*-1. List the prime factors of ((-76)/(-12))/(k/(-3)).
19
Let s(p) = p**3 + 10*p**2 - 6*p - 6. What are the prime factors of s(-9)?
3, 43
Let d(z) = -3*z**3 + z**2 - 1. Let x be d(-1). Suppose 2*r = x*r - 16. Suppose 3*w - r = 5. What are the prime factors of w?
7
Let p = -9 + 4. Let f = -6 - -4. What are the prime factors of (4 - 3)*f - p?
3
Suppose -60 = -x - 1. What are the prime factors of x?
59
Let o = -231 - -472. List the prime factors of o.
241
Suppose 2*f - 100 = -2*f. Let o = f + 0. List the prime factors of o.
5
Suppose 4*q + 0*q - 3*g = 39, 35 = 5*q - g. Let b = 0 + q. Let j(l) = l**3 - 5*l**2 - 4*l - 8. What are the prime factors of j(b)?
2
Let g(s) = 5*s - 2. Let x be g(1). Suppose 0 = 2*t + o - 21, -2*t + 8*o + 39 = x*o. List the prime factors of t.
2, 3
Let z = 2 - -1. Suppose m = 3*d + 10, -d + 0*m + 10 = z*m. What are the prime factors of (-1 - (d - 0))*12?
2, 3
Let x = 7 - -58. What are the prime factors of x?
5, 13
Suppose -4*x = -16, -2*x + 5*x + 4 = 4*a. Suppose a*d + 5*h = 181, 2*d + h - 122 = -d. What are the prime factors of d?
3, 13
Let z(b) = b**2 - 8*b - 2. Suppose 0 = 4*n - 1 - 39. Let u be z(n). Suppose 20 = 5*l - 4*j - j, 5*l - u = 4*j. What are the prime factors of l?
2
Let f = -6 + 42. Let g = 63 - f. List the prime factors of g.
3
Suppose 5*o - 3*i = -23, 0 = 4*o + 4*i + 4 + 40. List the prime factors of (-12)/(-42) - 47/o.
7
Let f(r) be the third derivative of 2*r**2 + 0*r**3 + 0 + 0*r - 1/2*r**4. What are the prime factors of f(-1)?
2, 3
Let v(o) = -o**3 + 6. Let p be v(0). Let a be 21/p*8/14. Suppose z = -a*l + 2*z, -5*l = -3*z + 2. What are the prime factors of l?
2
Let a = 30 - 24. List the prime factors of a.
2, 3
Let g be ((-6)/4)/(1/(-2)). Suppose 10 = 2*i + g*i. Let t = 6 - i. List the prime factors of t.
2
Suppose -4*g - 66 = -0*s + 2*s, 5*g + 63 = 4*s. List the prime factors of (-2 - g)/(3/12).
2, 13
Let b be 5/4 + (-3)/12. List the prime factors of 0 + (1 - (b - 3)).
3
Let h(i) = -2*i**2 + 4*i**2 - i**2 + 3 + 9*i. Let p be h(-7). Let m = p - -22. List the prime factors of m.
11
Let v(s) = -s**3 - 10*s**2 - 2*s - 15. Let r(y) = 2*y + 16. Let g be r(-13). What are the prime factors of v(g)?
5
Let b(q) = q**3 + q**2 + 2*q - 2. Let r be b(2). Suppose 3*p - 16 = r. List the prime factors of p.
2, 5
Suppose 4*h - z = 111, -5*h + 5*z + 0*z = -150. List the prime factors of h.
3
Suppose -5*m + 3*p + 345 = 66, -4*m = -4*p - 228. List the prime factors of m.
2, 3
Suppose 2*v + 4*y - 76 = 0, 4*v - y - 258 = -61. List the prime factors of v.
2, 3
Suppose 0 - 30 = 2*h. Let c = h - -29. What are the prime factors of c?
2, 7
Let z be (-9 + 1 - 3) + -3. Suppose 0 = 5*q + 4 + 6. What are the prime factors of (-206)/z + q/(-7)?
3, 5
Suppose 0 = -5*x + 4*p - 2*p + 684, -5*x - 3*p = -674. List the prime factors of x.
2, 17
Let p(s) = -12*s - 5. Let v be p(-5). Suppose v = 3*j + 4. Let o = j + -9. What are the prime factors of o?
2
Let k = 83 - -30. List the prime factors of k.
113
Suppose -902 = -38*q + 36*q. List the prime factors of q.
11, 41
Suppose -73 = -3*c + 71. What are the prime factors of c?
2, 3
Let x(k) = k**3 - 6*k**2 + 3*k - 1. Let h be x(4). Let f be ((-8)/(-12))/(4/(-78)). Let s = f - h. What are the prime factors of s?
2
Let c = 16 + 20. List the prime factors of c.
2, 3
Let m be 4/(-6) - 24/(-9). Let y(h) = 2*h + 1. Let v be y(m). Suppose v*x - 12 - 18 = 0. What are the prime factors of x?
2, 3
Suppose 0*t + 3*d = -2*t - 2, 2*d - 2 = -3*t. Let n be -4 + t + 2 + 16. Suppose 0 = 6*z - 2*z - n. List the prime factors of z.
2
Let j = -6 - -10. Suppose 2*y + 4*k = 24, -j*y = -y + k - 51. List the prime factors of y.
2, 3
What are the prime factors of ((-2)/(-4))/(5/190)?
19
Let z(y) = -2. Let t(o) = o. Let a(k) = -2*t(k) - z(k). Let x be a(-2). Let p = 1 + x. List the prime factors of p.
7
Let h(i) = i**3 + 12*i**2 - 15*i - 18. Let t be h(-13). What are the prime factors of -2*((-68)/t + 1)?
3, 5
Let t(m) be the first derivative of m**4/4 + 3*m**3 - 11*m**2/2 - 7*m + 4. Let c be t(-10). What are the prime factors of 1*(-22)/(c + -5)?
11
Suppose 110 = 5*a - 120. What are the prime factors of a?
2, 23
Suppose r = -4*t - 4, 2 = -r + t + 8. Suppose 2*o - 31 = 5*i, 5*i - r + 29 = 0. What are the prime factors of o?
3
Let p be ((-2)/(-2))/((-7)/(-21)). Let k be ((-2)/p)/((-10)/165). Let q(i) = -i**3 + 12*i**2 - 11*i + 12. List the prime factors of q(k).
2, 3
Let a(o) = -o**2 + 3. Let q be a(0). Let k(w) = 1 + 4*w + 0*w - w. What are the prime factors of k(q)?
2, 5
Let q(a) = -5 + 0*a**2 + 4*a - a**3 - 5*a - 8*a**2. What are the prime factors of q(-8)?
3
Suppose 0 + 3 = -x, -29 = -2*k - x. List the prime factors of k.
2
Let g(v) = 3*v**2 + 2*v + 1. Let j be g(2). Suppose -3*i - 5 + j = 0. List the prime factors of i.
2
Let v = 115 - -36. List the prime factors of v.
151
Suppose 0 = -3*t + 1129 - 367. List the prime factors of t.
2, 127
Let f(c) = c**2 - c - 4. Let u be f(-3). Suppose -4*s - u = -80. What are the prime factors of s?
2, 3
Suppose 4*h - 192 - 56 = 0. List the prime factors of h.
2, 31
Let o(g) = -g**3 + 2*g**2 + g + 2. Let j(h) = -2*h**3 + 5*h**2 + 3*h + 5. Let d(p) = -3*j(p) + 7*o(p). What are the prime factors of d(-3)?
23
What are the prime factors of 2/(1/(